**2 + 4*x + 4. Let r be m(w). What are the prime factors of (0 - (-82)/8)*r?
41
Let g be 1/(4/220) + 3. Suppose -4*p + 5*b = p - 20, -4*p - 5*b = 2. Suppose 2*w - g = -p*q, 3*q + 3*w - 88 = w. What are the prime factors of q?
2, 3, 5
Suppose 0 = 2*a + 2, 2*a = 2*c - 0*a + 132. Let j = c + 88. What are the prime factors of j?
3, 7
Let n(r) be the second derivative of 2*r**2 - 1/2*r**3 + 0 - r. List the prime factors of n(-5).
19
Let u(c) be the third derivative of -3*c**4/8 + 5*c**3/6 + c**2. Let i = -927 + 923. List the prime factors of u(i).
41
Suppose -19*q = -18*q - 4. Suppose -892 = -q*z - 4*h, -1265 + 363 = -4*z - 2*h. List the prime factors of z.
2, 3, 19
Suppose 4*k + 316 = -3*x - 95, -2*k - 206 = 2*x. Let z be (-624)/k - 2/17. List the prime factors of z - (-8)/4*2.
2, 5
Let c(j) = j**3 - 2*j. Let i be c(2). Suppose -2*w - i = -3*u, 0*u = -3*w + 3*u. List the prime factors of w.
2
Let u(d) = 21*d**2 - 14*d - 79. List the prime factors of u(-10).
2161
Let y(n) be the third derivative of n**6/240 + n**4/8 + 2*n**2. Let h(x) be the second derivative of y(x). List the prime factors of h(2).
2, 3
Let y(s) = -177 + 162 - 2*s**3 - 11*s**2 + 3*s**3 - 9*s. Let j = 42 + -30. List the prime factors of y(j).
3, 7
Let d = -3171 - -4819. Suppose 11*m - 684 = d. List the prime factors of m.
2, 53
What are the prime factors of (123/82)/(2/628)?
3, 157
Suppose -x = 1363 + 2102. Let h be (12/10)/((-42)/x). Suppose 13*u - h = 10*u. What are the prime factors of u?
3, 11
Suppose 3*q - 4*t - 36 = 0, -q + 3 = t - 2. Suppose 0 = -9*b + q*b + 114. List the prime factors of b.
2, 3, 19
Let v = 175 - 10. Let z = v + -56. List the prime factors of z.
109
Let o(i) be the second derivative of 0 + 7*i + 1/6*i**4 - 11/6*i**3 - 5*i**2. List the prime factors of o(9).
53
Let v(c) = 43*c + 4. Let n be (-4)/2 - (-11 + 8). List the prime factors of v(n).
47
Let p(f) = -f**3 - 5*f**2 - 4*f + 2. Let y be p(-4). Let a(c) = 0 + 0*c + 6*c - c**y - 2 + 4. What are the prime factors of a(6)?
2
Let w be (-2)/(-3)*(-24)/4. Let a be w/(-6) + (-1140)/(-18). Suppose 0 = 4*j + s - a, 0 = 2*j - s - 26. List the prime factors of j.
3, 5
Let v = 126 - 128. Let z(f) = -49*f + 5. List the prime factors of z(v).
103
Suppose 21*r = 13*r - 1208. Let c = 286 + r. List the prime factors of c.
3, 5
Let h(x) = x + 10. Let k be h(-7). Let z be 65 + (-2 - -4 - k). Suppose -4*p + z = -2*p. List the prime factors of p.
2
List the prime factors of (405/12)/5*(-1 + 61).
3, 5
Let v be -1*1*(6 + -5 - 1). Suppose -3*w = 4*a - 712, v = -3*a - 2*w + 5*w + 555. What are the prime factors of a?
181
Let z(b) = 112*b**2 + 38*b - 73. What are the prime factors of z(2)?
11, 41
Let o(b) = 9*b**2 + 21*b - 16. Let u(w) = 5*w**2 + 11*w - 8. Let h(c) = 4*o(c) - 7*u(c). List the prime factors of h(3).
2, 11
Let v be 2832/(-108) - 4/(-18). Let h be (-26)/169 - 290/v. Suppose 3*z = 55 + h. List the prime factors of z.
2, 11
Suppose 546*h + 4332 = 552*h. List the prime factors of h.
2, 19
Let n(q) = -7*q**2 + 7*q - 53. Let a(u) = 20*u**2 - 20*u + 158. Let f(x) = 6*a(x) + 17*n(x). List the prime factors of f(9).
7, 17
Let p(h) = -h**3 - 2*h**2 + h - 1. Let g be p(-3). Suppose -3*l + 4*l - g = 0. Suppose -s + b + 5 = 0, -49 = -l*s - 4*b + b. What are the prime factors of s?
2
Let t = 227 + 111. What are the prime factors of t?
2, 13
Suppose 2*n + x - 14 = -4*x, 2*x = -3*n + 10. Suppose -95 = -n*c + 89. What are the prime factors of c?
2, 23
Suppose -4*p = 3*b - 2*p - 509, 4*p = 4. List the prime factors of b.
13
Let k(i) be the third derivative of i**5/60 + i**4/6 + 5*i**3/3 - 8*i**2. What are the prime factors of k(-8)?
2, 3, 7
Let d(l) = l**3 + 25*l**2 - 65*l + 59. List the prime factors of d(-26).
29, 37
Suppose 2*i = 4 + 6. Suppose -5*h + 355 = -q, -2*h = i*q - 74 - 68. What are the prime factors of h?
71
Suppose -u + 1699 = 3*s, 2*s + 2*u = 4*s - 1138. What are the prime factors of s?
3, 7
Let n = -1117 + 2001. What are the prime factors of n?
2, 13, 17
Suppose -6*p = -0*p - 60. Let s(z) = -27 - 12*z - z**2 + 0*z**2 + p + z. List the prime factors of s(-7).
11
Suppose 2*p - 1976 + 62 = 0. What are the prime factors of p?
3, 11, 29
Suppose -481*x = -469*x - 5232. List the prime factors of x.
2, 109
List the prime factors of (2355/9)/((-1)/(-3)).
5, 157
Let l(a) = a**2 - 42*a + 84. List the prime factors of l(-30).
2, 3, 11, 17
Let c(u) = 58*u**2 - 15*u - 26. What are the prime factors of c(-4)?
2, 13, 37
Let x = -81 - -205. Suppose l + 4*t - 168 = -3*l, 3*l - x = -2*t. What are the prime factors of l?
2, 5
Suppose 61 = -z + 169. List the prime factors of z.
2, 3
Let z(i) = -6*i + 23*i + 8*i + 2. Let s(m) = -m**3 + 5*m**2 + 13*m + 8. Let a be s(7). What are the prime factors of z(a)?
3
Let s be (8 + 2)/(21 + -19). Suppose 12 = d + d. What are the prime factors of (2*d)/(s - 4)?
2, 3
Let b(x) = -x**2 - 2*x + 2. Let t be b(-2). Suppose -2*j - i - 1 = 0, 5*i + 8 = t*j + 3. Suppose j = 3*p + 19 - 220. List the prime factors of p.
67
Let p(t) = t**3 + 6*t**2 + 11*t + 6. Let n(f) be the second derivative of f**3/6 - f. Let y(r) = -6*n(r) + p(r). What are the prime factors of y(-4)?
2, 3
Let s be 10 + (-7)/(28/8). Let u(i) = 2*i**2 - 8*i - 27. List the prime factors of u(s).
37
Let l = 555 + 492. List the prime factors of l.
3, 349
Let x(k) = -8*k. Let n(t) = -23*t + 1. Suppose -c - 2 = -5. Let y(l) = c*n(l) - 8*x(l). List the prime factors of y(-5).
2, 7
Suppose 3673 + 1738 = 7*z. What are the prime factors of z?
773
Suppose -p - p = 86. Let q = p - -182. List the prime factors of q.
139
Suppose 0*w + 2*q + 8 = 2*w, -w - 2*q = 8. Suppose w*z - 166 = -4*z + 2*a, -a = -5. What are the prime factors of z?
2, 11
Suppose 5*y + g = 25, 0 = -4*g - 0*g - 20. Suppose -204 = -2*f - 36. Let u = f - y. What are the prime factors of u?
2, 3, 13
Suppose -p - 6*p = -63. Suppose -2*g + 97 = -p. List the prime factors of g.
53
List the prime factors of (5 - 3809/(-52))*4*1.
313
Let f = 49 + -62. List the prime factors of f/(-52) + (-491)/(-4).
3, 41
Suppose 23*n - 8 = 19*n. Suppose n*f - y + 3*y = 138, -4*y = -20. What are the prime factors of f?
2
Let c(r) = -r**3 + 7*r**2 - r - 9. Let f be c(7). Let q be (8/f)/(2/(-12)). Suppose -4*p = -9*k + 4*k + 160, -15 = q*p. What are the prime factors of k?
2, 7
Let j(a) = -a**3 - 33*a**2 - 33*a + 85. List the prime factors of j(-32).
3, 13
Let q = 250 + -468. What are the prime factors of (11/22)/(-1 + (-219)/q)?
109
Let k be 2*(-8)/((-32)/(-42)). Let b = -19 - k. Suppose 3*j - 290 = -b*j. List the prime factors of j.
2, 29
Let d(r) be the first derivative of 25*r**2/2 - 12*r - 12. List the prime factors of d(9).
3, 71
Let m(d) = 13*d**2 - 7*d + 69. List the prime factors of m(6).
3, 5, 11
Let c(t) = 3*t**2 + 12*t + 17. Let k = -8 - 0. List the prime factors of c(k).
113
Suppose 126 = w + 35. Suppose -5*f - w = 2*v + 200, 0 = 3*v - f + 462. What are the prime factors of (7/(-21))/(1/v)?
3, 17
Suppose -l - 2*h + 37 = -20, 0 = 2*l - 3*h - 121. Suppose 2*i = l - 43. What are the prime factors of i?
2
Suppose 0 = 3*c + 4*s - 4433, 4*c - 8*c + 5889 = s. What are the prime factors of c?
1471
Suppose 0 = -2*k + 4*k - 4*o + 180, -4*k = -4*o + 364. Let j be 3/(-12) + (-486)/8. Let h = j - k. What are the prime factors of h?
31
Suppose -60 = 4*v + 5*n, -4*v + 4*n - 68 = 28. Let s = v - -24. Suppose 3*m - 3*q - 26 = -m, 5*m - 32 = s*q. List the prime factors of m.
2
Let h(u) = -23*u**3 + 2*u**2 + u. Suppose 3 = 3*j - 4*r - 0, -j - 3*r = -14. Suppose 4 = q + j. List the prime factors of h(q).
2, 3
Suppose -142*f + 2436 = -138*f. What are the prime factors of f?
3, 7, 29
Suppose -3*y = -2*s + 1, 0 = -6*y + 5*y - 3*s - 4. List the prime factors of ((-12)/(-18))/(y*4/(-1446)).
241
Let a(k) = 2*k**2 + 18*k - 5. List the prime factors of a(-10).
3, 5
Let v be (-133)/95 - (-3)/(-5). Let g(h) = -5*h - 10*h + 4*h. List the prime factors of g(v).
2, 11
What are the prime factors of (-6)/(-12) + 257/2?
3, 43
Let g(o) = -120*o**3 - 2*o**2 + 2*o + 2. Let i = 40 + -41. List the prime factors of g(i).
2, 59
Let w(o) = 1. Let j(t) = t + 15. Let x(y) = j(y) - 4*w(y). Let g be x(-9). Let u(z) = 8*z - 6. What are the prime factors of u(g)?
2, 5
Let m(s) = s**2 + 10*s + 3. Let c be m(-10). Suppose g = -c - 1, 3*g + 54 = 3*b. 